{"version":"1.0","provider_name":"Ronald McDonald House Charities","provider_url":"https:\/\/www.kinderfonds.be\/fr\/","author_name":"denis","author_url":"https:\/\/www.kinderfonds.be\/fr\/author\/denis\/","title":"\u00c9v\u00e9nements - Ronald McDonald House Charities","type":"rich","width":600,"height":338,"html":"<blockquote class=\"wp-embedded-content\" data-secret=\"WKo8P0V1US\"><a href=\"https:\/\/www.kinderfonds.be\/fr\/actualites\/evenements\/\">\u00c9v\u00e9nements<\/a><\/blockquote><iframe sandbox=\"allow-scripts\" security=\"restricted\" src=\"https:\/\/www.kinderfonds.be\/fr\/actualites\/evenements\/embed\/#?secret=WKo8P0V1US\" width=\"600\" height=\"338\" title=\"\u00ab\u00a0\u00c9v\u00e9nements\u00a0\u00bb &#8212; Ronald McDonald House Charities\" data-secret=\"WKo8P0V1US\" frameborder=\"0\" marginwidth=\"0\" marginheight=\"0\" scrolling=\"no\" class=\"wp-embedded-content\"><\/iframe><script>\n\/*! This file is auto-generated *\/\n!function(d,l){\"use strict\";l.querySelector&&d.addEventListener&&\"undefined\"!=typeof URL&&(d.wp=d.wp||{},d.wp.receiveEmbedMessage||(d.wp.receiveEmbedMessage=function(e){var t=e.data;if((t||t.secret||t.message||t.value)&&!\/[^a-zA-Z0-9]\/.test(t.secret)){for(var s,r,n,a=l.querySelectorAll('iframe[data-secret=\"'+t.secret+'\"]'),o=l.querySelectorAll('blockquote[data-secret=\"'+t.secret+'\"]'),c=new RegExp(\"^https?:$\",\"i\"),i=0;i<o.length;i++)o[i].style.display=\"none\";for(i=0;i<a.length;i++)s=a[i],e.source===s.contentWindow&&(s.removeAttribute(\"style\"),\"height\"===t.message?(1e3<(r=parseInt(t.value,10))?r=1e3:~~r<200&&(r=200),s.height=r):\"link\"===t.message&&(r=new URL(s.getAttribute(\"src\")),n=new URL(t.value),c.test(n.protocol))&&n.host===r.host&&l.activeElement===s&&(d.top.location.href=t.value))}},d.addEventListener(\"message\",d.wp.receiveEmbedMessage,!1),l.addEventListener(\"DOMContentLoaded\",function(){for(var e,t,s=l.querySelectorAll(\"iframe.wp-embedded-content\"),r=0;r<s.length;r++)(t=(e=s[r]).getAttribute(\"data-secret\"))||(t=Math.random().toString(36).substring(2,12),e.src+=\"#?secret=\"+t,e.setAttribute(\"data-secret\",t)),e.contentWindow.postMessage({message:\"ready\",secret:t},\"*\")},!1)))}(window,document);\n\/\/# sourceURL=https:\/\/www.kinderfonds.be\/wp-includes\/js\/wp-embed.min.js\n<\/script>\n","description":"Prochains \u00e9v\u00e9nements Soins aux familles \u2013 Soir\u00e9e de remerciement Une soir\u00e9e inspirante consacr\u00e9e aux soins centr\u00e9s sur la famille et au lancement de la nouvelle identit\u00e9 visuelle. Soir\u00e9e de gala de collecte de fonds Une soir\u00e9e de collecte de fonds \u00e9l\u00e9gante qui contribue \u00e0 offrir un accompagnement chaleureux et une pr\u00e9sence r\u00e9confortante aux familles dont [&hellip;]","thumbnail_url":"https:\/\/www.kinderfonds.be\/wp-content\/uploads\/0E6A2219-2-2048x1365-1.jpg"}

Événements - Ronald McDonald House Charities

<blockquote class="wp-embedded-content" data-secret="WKo8P0V1US"><a href="https://www.kinderfonds.be/fr/actualites/evenements/">Événements</a></blockquote><iframe sandbox="allow-scripts" security="restricted" src="https://www.kinderfonds.be/fr/actualites/evenements/embed/#?secret=WKo8P0V1US" width="600" height="338" title="« Événements » &#8212; Ronald McDonald House Charities" data-secret="WKo8P0V1US" frameborder="0" marginwidth="0" marginheight="0" scrolling="no" class="wp-embedded-content"></iframe><script>
/*! This file is auto-generated */
!function(d,l){"use strict";l.querySelector&&d.addEventListener&&"undefined"!=typeof URL&&(d.wp=d.wp||{},d.wp.receiveEmbedMessage||(d.wp.receiveEmbedMessage=function(e){var t=e.data;if((t||t.secret||t.message||t.value)&&!/[^a-zA-Z0-9]/.test(t.secret)){for(var s,r,n,a=l.querySelectorAll('iframe[data-secret="'+t.secret+'"]'),o=l.querySelectorAll('blockquote[data-secret="'+t.secret+'"]'),c=new RegExp("^https?:$","i"),i=0;i<o.length;i++)o[i].style.display="none";for(i=0;i<a.length;i++)s=a[i],e.source===s.contentWindow&&(s.removeAttribute("style"),"height"===t.message?(1e3<(r=parseInt(t.value,10))?r=1e3:~~r<200&&(r=200),s.height=r):"link"===t.message&&(r=new URL(s.getAttribute("src")),n=new URL(t.value),c.test(n.protocol))&&n.host===r.host&&l.activeElement===s&&(d.top.location.href=t.value))}},d.addEventListener("message",d.wp.receiveEmbedMessage,!1),l.addEventListener("DOMContentLoaded",function(){for(var e,t,s=l.querySelectorAll("iframe.wp-embedded-content"),r=0;r<s.length;r++)(t=(e=s[r]).getAttribute("data-secret"))||(t=Math.random().toString(36).substring(2,12),e.src+="#?secret="+t,e.setAttribute("data-secret",t)),e.contentWindow.postMessage({message:"ready",secret:t},"*")},!1)))}(window,document);
//# sourceURL=https://www.kinderfonds.be/wp-includes/js/wp-embed.min.js
</script>

Prochains événements Soins aux familles – Soirée de remerciement Une soirée inspirante consacrée aux soins centrés sur la famille et au lancement de la nouvelle identité visuelle. Soirée de gala de collecte de fonds Une soirée de collecte de fonds élégante qui contribue à offrir un accompagnement chaleureux et une présence réconfortante aux familles dont [&hellip;]
